ulate the highest common factor of 228 and k.
12
Let v(f) = 3*f**2 - f + 1. Let n be v(1). Suppose 4*m + 0*a - 53 = -a, -n*m - 5*a = -61. Calculate the greatest common factor of m and 108.
12
Let h be 34*((-10)/(-4))/5. Let l = h - -3. Calculate the highest common divisor of l and 60.
20
Let g be 2 + -1 + 93 + 1. Let u be -2 + 1 + g + -3. What is the greatest common factor of 13 and u?
13
Suppose -2*v + 18 = -0*v - 4*d, -4*d - 16 = 0. What is the highest common factor of 2 and v?
1
Suppose -5*x + 3*w = -110, -5*w + 31 = 4*x - 57. Calculate the greatest common divisor of 110 and x.
22
Suppose -7 = -3*v + 23. What is the highest common factor of v and 10?
10
Let t = -8 + 25. What is the highest common divisor of 187 and t?
17
Suppose -d = 18 - 98. Suppose -3*n - n + 80 = 0. What is the greatest common factor of d and n?
20
Let l = 91 - 21. Suppose -2 - 18 = 2*k. Let v = 4 - k. Calculate the highest common divisor of l and v.
14
Suppose -b + 3019 = 5*k, 2*k - 5*b = -3*k + 2995. Suppose 108 - k = -5*z. Let h = 7 - -2. Calculate the highest common factor of z and h.
9
Suppose 25 = -19*h + 14*h. Let k be (-4)/h - 688/(-40). What is the greatest common divisor of 6 and k?
6
Let k = 98 + -93. What is the greatest common factor of 35 and k?
5
Suppose 3*y = -2*y + 5. Suppose -3*i + 6 = 0, 17 - y = -w + 2*i. Let q be ((-6)/(-4))/((-2)/w). Calculate the greatest common divisor of 27 and q.
9
Suppose -5*q + 176 = -q. What is the highest common factor of q and 4?
4
Let l(o) = -3*o**3 + 76*o**2 - 69*o**2 + 2*o**3 - 7*o. Let p be l(5). Calculate the greatest common divisor of 3 and p.
3
Suppose 0 = -25*t + 23*t + 176. Let d = -58 + t. What is the highest common factor of d and 15?
15
Let s = 231 + -131. What is the greatest common factor of 20 and s?
20
Suppose 5*l + 25 = 0, -p + 24 = -4*l - 10. Calculate the highest common divisor of p and 126.
14
Let t = -4 + 7. Suppose 0 = -2*p + t*o + 285, 3*o + 22 + 119 = p. Calculate the greatest common factor of p and 18.
18
Let n(r) = -3*r - 2. Let q be n(-6). Let b be 6 + (3 - -1 - 2). Calculate the highest common factor of b and q.
8
Suppose -3*v + 10 = -2. Suppose 345 = v*s + 57. Suppose 0 = 4*w - 3*w - s. Calculate the greatest common factor of 9 and w.
9
Let c(g) = g**2 + 5. Let d be c(-8). Let b = 24 + 22. Suppose -y = -2*y + b. Calculate the greatest common factor of d and y.
23
Suppose 2*i + 5*c = 10, -c - 4*c = -i - 10. Suppose i = 4*u - 6 - 14. Calculate the greatest common divisor of u and 55.
5
Let t be 2*24/14*42/4. Suppose 4*k + 2*x - 44 = 0, 4*k + x + 3*x = 40. Calculate the greatest common factor of t and k.
12
Let m(w) = -w**3 + w**2 - 3*w**2 - 4*w**2 + 5 - w. Let b be m(-6). Suppose 88 = -0*n + 2*n. Calculate the highest common divisor of n and b.
11
Suppose 125 = 2*s + 13. What is the highest common factor of 7 and s?
7
Suppose 5*c - 332 = -12. What is the highest common factor of c and 16?
16
Let o(w) = 101*w**2 - w. Let n be o(1). Suppose -2*q = 3*q - n. What is the greatest common divisor of 100 and q?
20
Suppose 7*s - 49 = 63. Calculate the greatest common divisor of 112 and s.
16
Suppose 4*g - g + 1 = 2*o, 4*o = -4*g - 8. Let a be o + (-4)/(3/(-3)). Let n be (-1)/(4/2 - a). What is the highest common divisor of n and 8?
1
Let m(n) = 12*n - 11. Let p be m(8). Suppose -2*k + 6*k + 3*t = 105, -4*t - p = -3*k. Calculate the highest common factor of 9 and k.
9
Let f be 46 + (-2 + 1 - 0). Suppose 5*b - p - 153 = 0, -4*p = -3*b + 148 - 46. What is the greatest common divisor of b and f?
15
Let s = 0 - -3. Suppose 4*q + 20 = 8*q + 5*r, -4*q - s*r + 20 = 0. What is the greatest common factor of q and 55?
5
Suppose -3*y + 27 = 3*k - 9, -2*y = 3*k - 33. Calculate the greatest common factor of k and 45.
9
Let k be (1 - 1)*1 + 17. What is the highest common divisor of 68 and k?
17
Suppose -5*z + 45 = 4*j, -5*j + j + 4*z + 72 = 0. Suppose -2*w = k - 115, -6*w + 2*w - 4*k = -220. What is the highest common divisor of j and w?
15
Let f = -2 + 4. Let s(a) = a**3 - 13*a**2 + 2*a - 8. Let x be s(13). What is the greatest common factor of f and x?
2
Let b be (12/(-16))/((-1)/(-12)). Let z = 2 - b. Suppose 3*h + z = 26. What is the greatest common factor of h and 40?
5
Let r(u) = -2*u + 5. Let h be r(0). Calculate the highest common divisor of h and 50.
5
Let k = -52 + 76. What is the highest common divisor of k and 12?
12
Let c = 78 - 53. Calculate the greatest common factor of 175 and c.
25
Let y be (-4)/(24/(-561))*2. Let i be ((-68)/8*-2)/1. What is the highest common divisor of y and i?
17
Suppose 10*l = 5*l + 50. Let h be (-14)/2 - (-5 + 2). Let y be (-10)/5 - (h + 0). Calculate the highest common divisor of y and l.
2
Let x(t) = -t + 1. Let h be x(-12). Suppose -5*b + 126 = -r, 3*r + 56 = 2*b + 4*r. Calculate the greatest common divisor of h and b.
13
Suppose z + 4*z = -4*h + 27, 0 = 4*h - 12. Let c be -2*z/((-12)/74). Calculate the highest common factor of c and 111.
37
Let a(w) = -w**2 - 13*w - 16. Let t be a(-5). Suppose -3*d + 0*d + 180 = 0. What is the highest common factor of d and t?
12
Suppose -6*l = -2*l - 4*i - 36, l = 4*i + 15. Calculate the highest common factor of 35 and l.
7
Let u = -12 - -16. Suppose -u*w = -2*w + 5*c - 132, 4*w + 5*c = 264. Calculate the highest common divisor of w and 11.
11
Let r = -21 + 29. Let p(l) = l**3 - 8*l**2 + l - 5. Let u be p(r). Let v = 32 - 11. What is the greatest common factor of u and v?
3
Suppose 2*y = -0*y + 32. Suppose -729 = -4*x - 5*r, -4*x + 504 = 4*r - 220. Calculate the highest common divisor of y and x.
16
Let u = 6 - 3. Let q be (-18 + u)*24/(-10). What is the highest common factor of 12 and q?
12
Let o be -3 + -4 + 6 + 10*21. What is the highest common divisor of 11 and o?
11
Let c(u) = 5*u**2 - u. Let s be c(1). Suppose -3*t + 69 = -s*w, t - w - 29 + 5 = 0. What is the greatest common factor of 18 and t?
9
Let m = -7 + 16. Let j(u) = u**2 - u - 9. Let n be j(-9). Calculate the greatest common factor of n and m.
9
Let z be (-544)/(-12) - (-1)/(-3). Calculate the greatest common divisor of 9 and z.
9
Let a be 3*-4*(-11)/6. Calculate the greatest common divisor of a and 33.
11
Let k = 1 - -1. Suppose -s - k*s + 12 = 0. Let z(l) = 3*l + 85. Let a be z(-19). Calculate the greatest common factor of a and s.
4
Let j = 20 - -20. Let y = -141 - -394. Let o = y - 153. Calculate the highest common factor of o and j.
20
Let y(o) = 10*o**2 + 10*o. Let d be y(3). Calculate the highest common factor of 15 and d.
15
Suppose m = -w - 1, -30 = -m - 4*m + 2*w. Let x be m/(-3)*9/2. Let n be 44/(-2)*9/x. Calculate the greatest common factor of 11 and n.
11
Let q(k) = -3*k**3 - 3*k**2 - k + 6. Let r be q(-3). Calculate the highest common divisor of r and 9.
9
Let v(k) = -2 + 2*k**2 + 9*k + 10 - k**2 - 2*k**2. Let f be v(10). Let n(g) = -7*g - 1. Let y be n(f). What is the greatest common divisor of 91 and y?
13
Let t = 6 - 5. Let i be 5 + t + -4 + 13. Calculate the highest common divisor of 15 and i.
15
Let q(c) = -28*c**3 - 2*c**2 - 3*c - 2. Let k be q(-1). Calculate the highest common factor of k and 216.
27
Suppose -13*c + 8*c + 960 = 0. What is the greatest common factor of 48 and c?
48
Let h be (-1 - -31)*(-5)/5. Let c be (-1)/(-2 + h/(-16)). What is the greatest common factor of c and 24?
8
Let i be 2 - 16/6 - 2425/(-15). What is the highest common factor of 23 and i?
23
Let p(a) = 2*a**2 + 3*a + 3. Let q be p(-4). Suppose -32*b + 41 = 2*r - 27*b, -5*r + 2*b = -117. What is the highest common divisor of r and q?
23
Let s(h) = 4*h**2 - 1. Let v be s(-2). Let u = 76 + -41. Let i = u - 20. What is the highest common factor of v and i?
15
Suppose 36 = s + 11. What is the greatest common divisor of 5 and s?
5
Suppose 0 = -3*s + 6*s - 5*x - 68, -s + 26 = -5*x. What is the greatest common factor of 3 and s?
3
Let d(c) = 2*c - 5. Let g be d(8). What is the highest common divisor of g and 55?
11
Let w(l) = -l - 1. Let n be w(-3). Let j be (-1)/4 + 168/32. Calculate the highest common factor of n and j.
1
Suppose -3*d + 1 = 4*s - 3, 2*d + 8 = 0. Let w = 52 + -48. Calculate the greatest common factor of w and s.
4
Let a(r) = -3*r**3 - r**2 - 2*r - 1. Let y be a(-1). Suppose 3*l - 3*c - 476 = c, c = y*l - 479. What is the greatest common divisor of l and 20?
20
Let n(b)